{"id":377,"date":"2024-02-17T10:58:39","date_gmt":"2024-02-17T09:58:39","guid":{"rendered":"https:\/\/fisiqa.com\/?page_id=377"},"modified":"2024-03-14T08:13:18","modified_gmt":"2024-03-14T07:13:18","slug":"35-ans-dexperience","status":"publish","type":"page","link":"https:\/\/fisiqa.com\/index.php\/35-ans-dexperience\/","title":{"rendered":"35 ans d&#8217;exp\u00e9rience"},"content":{"rendered":"<p>Je m&#8217;appelle Bart Schulte, je suis un cadre sup\u00e9rieur de l&#8217;industrie alimentaire, expert en gestion de l&#8217;assurance qualit\u00e9, des affaires r\u00e9glementaires, de la transformation des aliments et du d\u00e9veloppement des emballages, de la sant\u00e9, de la s\u00e9curit\u00e9 au travail et de l&#8217;environnement, avec plus de 35 ans d&#8217;exp\u00e9rience dans les secteurs FMCG et BtoB : Solina Group, DSM-Firmenich, McCain Foods, McCormick&amp;Co Inc, Schweppes, Mars et Unilever (Bestfoods).<\/p>\n<p>Apr\u00e8s une riche carri\u00e8re dans l&#8217;industrie agroalimentaire, j&#8217;ai d\u00e9cid\u00e9 de mettre mon exp\u00e9rience \u00e0 votre service, en fondant ma propre soci\u00e9t\u00e9 de conseil FISIQA, en 2023.<\/p>\n<p>Si vous \u00eates \u00e0 la recherche d&#8217;un soutien externe dans la gestion de l&#8217;Assurance Qualit\u00e9 et de la S\u00e9curit\u00e9 Alimentaire de votre entreprise, par exemple dans :<\/p>\n<ul>\n<li>L&#8217;\u00e9laboration et le d\u00e9ploiement de strat\u00e9gies fonctionnelles<\/li>\n<li>La performance organisationnelle et la transformation d&#8217;organisation pour r\u00e9pondre aux besoins de l&#8217;entreprise<\/li>\n<li>la gestion des risques alimentaires et la gestion de crise, la gestion des risques de la cha\u00eene d&#8217;approvisionnement<\/li>\n<li>Une vision ind\u00e9pendante de votre organisation et de vos m\u00e9thodes de travail<\/li>\n<li>Le coaching<\/li>\n<\/ul>\n<p>Vous serez alors entre de bonnes mains !<\/p>\n<p>Je suis tr\u00e8s familier avec toutes les normes de qualit\u00e9 et de s\u00e9curit\u00e9 alimentaire en vigueur dans l&#8217;industrie alimentaire, qu&#8217;elles soient GFSI, ISO ou autres.<\/p>\n<p>Dans tout ce que je peux faire pour vous, vous b\u00e9n\u00e9ficierez de mes comp\u00e9tences en management et de mes vastes connaissances techniques pratiques en mati\u00e8re de transformation des aliments, d&#8217;ingr\u00e9dients alimentaires et de solutions d&#8217;emballage.<\/p>\n<p>Contactez-moi pour des informations sp\u00e9cifiques sur l&#8217;industrie alimentaire ou pour des projets plus strat\u00e9giques impliquant un soutien dans mon domaine d&#8217;exp\u00e9rience de management.<\/p>\n<p>En tant que membre de Food Safety Experts, je peux \u00e9galement vous offrir des services suppl\u00e9mentaires.<\/p>\n<p><img decoding=\"async\" class=\"size-full wp-image-254 aligncenter\" src=\"https:\/\/fisiqa.com\/wp-content\/uploads\/2024\/02\/logo-food-safety-experts.png\" alt=\"\" width=\"465\" height=\"60\" \/><\/p>\n<p><strong>Pour plus d&#8217;informations:<\/strong><\/p>\n<ul>\n<li><a href=\"https:\/\/www.foodsafety-experts.com\/fr\/\" target=\"_blank\" rel=\"noopener\">https:\/\/www.foodsafety-experts.com\/fr\/<\/a><\/li>\n<li><a href=\"https:\/\/www.linkedin.com\/in\/bartcschulte\/\" target=\"_blank\" rel=\"noopener\">https:\/\/www.linkedin.com\/in\/bartcschulte\/<\/a><\/li>\n<\/ul>\n","protected":false},"excerpt":{"rendered":"<p>Je m&#8217;appelle Bart Schulte, je suis un cadre sup\u00e9rieur de l&#8217;industrie alimentaire, expert en gestion de l&#8217;assurance qualit\u00e9, des affaires r\u00e9glementaires, de la transformation des aliments et du d\u00e9veloppement des emballages, de la sant\u00e9, de la s\u00e9curit\u00e9 au travail et de l&#8217;environnement, avec plus de 35 ans d&#8217;exp\u00e9rience dans les secteurs FMCG et BtoB : &hellip; <\/p>\n<p class=\"link-more\"><a href=\"https:\/\/fisiqa.com\/index.php\/35-ans-dexperience\/\" class=\"more-link\">Read more<span class=\"screen-reader-text\"> &#8220;35 ans d&#8217;exp\u00e9rience&#8221;<\/span><\/a><\/p>\n","protected":false},"author":4,"featured_media":92,"parent":0,"menu_order":0,"comment_status":"closed","ping_status":"closed","template":"","meta":{"inspiro_hide_title":false,"footnotes":""},"class_list":["post-377","page","type-page","status-publish","has-post-thumbnail","hentry"],"yoast_head":"<!-- This site is optimized with the Yoast SEO plugin v27.4 - https:\/\/yoast.com\/product\/yoast-seo-wordpress\/ -->\n<title>35 ans d&#039;exp\u00e9rience - FISIQA<\/title>\n<meta name=\"robots\" content=\"index, follow, max-snippet:-1, max-image-preview:large, max-video-preview:-1\" \/>\n<link rel=\"canonical\" href=\"https:\/\/fisiqa.com\/index.php\/35-ans-dexperience\/\" \/>\n<meta property=\"og:locale\" content=\"en_US\" \/>\n<meta property=\"og:type\" content=\"article\" \/>\n<meta property=\"og:title\" content=\"35 ans d&#039;exp\u00e9rience - FISIQA\" \/>\n<meta property=\"og:description\" content=\"Je m&#8217;appelle Bart Schulte, je suis un cadre sup\u00e9rieur de l&#8217;industrie alimentaire, expert en gestion de l&#8217;assurance qualit\u00e9, des affaires r\u00e9glementaires, de la transformation des aliments et du d\u00e9veloppement des emballages, de la sant\u00e9, de la s\u00e9curit\u00e9 au travail et de l&#8217;environnement, avec plus de 35 ans d&#8217;exp\u00e9rience dans les secteurs FMCG et BtoB : &hellip; Read more &quot;35 ans d&#8217;exp\u00e9rience&quot;\" \/>\n<meta property=\"og:url\" content=\"https:\/\/fisiqa.com\/index.php\/35-ans-dexperience\/\" \/>\n<meta property=\"og:site_name\" content=\"FISIQA\" \/>\n<meta property=\"article:modified_time\" content=\"2024-03-14T07:13:18+00:00\" \/>\n<meta property=\"og:image\" content=\"https:\/\/fisiqa.com\/wp-content\/uploads\/2024\/02\/bart-schulte-01-scaled.webp\" \/>\n\t<meta property=\"og:image:width\" content=\"2560\" \/>\n\t<meta property=\"og:image:height\" content=\"1443\" \/>\n\t<meta property=\"og:image:type\" content=\"image\/webp\" \/>\n<meta name=\"twitter:card\" content=\"summary_large_image\" \/>\n<meta name=\"twitter:label1\" content=\"Est. reading time\" \/>\n\t<meta name=\"twitter:data1\" content=\"2 minutes\" \/>\n<script type=\"application\/ld+json\" class=\"yoast-schema-graph\">{\"@context\":\"https:\\\/\\\/schema.org\",\"@graph\":[{\"@type\":\"WebPage\",\"@id\":\"https:\\\/\\\/fisiqa.com\\\/index.php\\\/35-ans-dexperience\\\/\",\"url\":\"https:\\\/\\\/fisiqa.com\\\/index.php\\\/35-ans-dexperience\\\/\",\"name\":\"35 ans d'exp\u00e9rience - FISIQA\",\"isPartOf\":{\"@id\":\"https:\\\/\\\/fisiqa.com\\\/#website\"},\"primaryImageOfPage\":{\"@id\":\"https:\\\/\\\/fisiqa.com\\\/index.php\\\/35-ans-dexperience\\\/#primaryimage\"},\"image\":{\"@id\":\"https:\\\/\\\/fisiqa.com\\\/index.php\\\/35-ans-dexperience\\\/#primaryimage\"},\"thumbnailUrl\":\"https:\\\/\\\/fisiqa.com\\\/wp-content\\\/uploads\\\/2024\\\/02\\\/bart-schulte-01-scaled.webp\",\"datePublished\":\"2024-02-17T09:58:39+00:00\",\"dateModified\":\"2024-03-14T07:13:18+00:00\",\"breadcrumb\":{\"@id\":\"https:\\\/\\\/fisiqa.com\\\/index.php\\\/35-ans-dexperience\\\/#breadcrumb\"},\"inLanguage\":\"en-US\",\"potentialAction\":[{\"@type\":\"ReadAction\",\"target\":[\"https:\\\/\\\/fisiqa.com\\\/index.php\\\/35-ans-dexperience\\\/\"]}]},{\"@type\":\"ImageObject\",\"inLanguage\":\"en-US\",\"@id\":\"https:\\\/\\\/fisiqa.com\\\/index.php\\\/35-ans-dexperience\\\/#primaryimage\",\"url\":\"https:\\\/\\\/fisiqa.com\\\/wp-content\\\/uploads\\\/2024\\\/02\\\/bart-schulte-01-scaled.webp\",\"contentUrl\":\"https:\\\/\\\/fisiqa.com\\\/wp-content\\\/uploads\\\/2024\\\/02\\\/bart-schulte-01-scaled.webp\",\"width\":2560,\"height\":1443,\"caption\":\"Portrait of Bart Schulte - FISIKA \u00a9 APREALMEDIA\"},{\"@type\":\"BreadcrumbList\",\"@id\":\"https:\\\/\\\/fisiqa.com\\\/index.php\\\/35-ans-dexperience\\\/#breadcrumb\",\"itemListElement\":[{\"@type\":\"ListItem\",\"position\":1,\"name\":\"Accueil\",\"item\":\"https:\\\/\\\/fisiqa.com\\\/index.php\\\/en\\\/home\\\/\"},{\"@type\":\"ListItem\",\"position\":2,\"name\":\"35 ans d&rsquo;exp\u00e9rience\"}]},{\"@type\":\"WebSite\",\"@id\":\"https:\\\/\\\/fisiqa.com\\\/#website\",\"url\":\"https:\\\/\\\/fisiqa.com\\\/\",\"name\":\"FISIQA\",\"description\":\"Food Industry Support In Quality Assurance\",\"publisher\":{\"@id\":\"https:\\\/\\\/fisiqa.com\\\/#organization\"},\"potentialAction\":[{\"@type\":\"SearchAction\",\"target\":{\"@type\":\"EntryPoint\",\"urlTemplate\":\"https:\\\/\\\/fisiqa.com\\\/?s={search_term_string}\"},\"query-input\":{\"@type\":\"PropertyValueSpecification\",\"valueRequired\":true,\"valueName\":\"search_term_string\"}}],\"inLanguage\":\"en-US\"},{\"@type\":\"Organization\",\"@id\":\"https:\\\/\\\/fisiqa.com\\\/#organization\",\"name\":\"FISIQA\",\"url\":\"https:\\\/\\\/fisiqa.com\\\/\",\"logo\":{\"@type\":\"ImageObject\",\"inLanguage\":\"en-US\",\"@id\":\"https:\\\/\\\/fisiqa.com\\\/#\\\/schema\\\/logo\\\/image\\\/\",\"url\":\"https:\\\/\\\/fisiqa.com\\\/wp-content\\\/uploads\\\/2024\\\/02\\\/logo-V3-def.png\",\"contentUrl\":\"https:\\\/\\\/fisiqa.com\\\/wp-content\\\/uploads\\\/2024\\\/02\\\/logo-V3-def.png\",\"width\":2500,\"height\":568,\"caption\":\"FISIQA\"},\"image\":{\"@id\":\"https:\\\/\\\/fisiqa.com\\\/#\\\/schema\\\/logo\\\/image\\\/\"},\"sameAs\":[\"https:\\\/\\\/www.linkedin.com\\\/in\\\/bartcschulte\"]}]}<\/script>\n<!-- \/ Yoast SEO plugin. -->","yoast_head_json":{"title":"35 ans d'exp\u00e9rience - FISIQA","robots":{"index":"index","follow":"follow","max-snippet":"max-snippet:-1","max-image-preview":"max-image-preview:large","max-video-preview":"max-video-preview:-1"},"canonical":"https:\/\/fisiqa.com\/index.php\/35-ans-dexperience\/","og_locale":"en_US","og_type":"article","og_title":"35 ans d'exp\u00e9rience - FISIQA","og_description":"Je m&#8217;appelle Bart Schulte, je suis un cadre sup\u00e9rieur de l&#8217;industrie alimentaire, expert en gestion de l&#8217;assurance qualit\u00e9, des affaires r\u00e9glementaires, de la transformation des aliments et du d\u00e9veloppement des emballages, de la sant\u00e9, de la s\u00e9curit\u00e9 au travail et de l&#8217;environnement, avec plus de 35 ans d&#8217;exp\u00e9rience dans les secteurs FMCG et BtoB : &hellip; Read more \"35 ans d&#8217;exp\u00e9rience\"","og_url":"https:\/\/fisiqa.com\/index.php\/35-ans-dexperience\/","og_site_name":"FISIQA","article_modified_time":"2024-03-14T07:13:18+00:00","og_image":[{"width":2560,"height":1443,"url":"https:\/\/fisiqa.com\/wp-content\/uploads\/2024\/02\/bart-schulte-01-scaled.webp","type":"image\/webp"}],"twitter_card":"summary_large_image","twitter_misc":{"Est. reading time":"2 minutes"},"schema":{"@context":"https:\/\/schema.org","@graph":[{"@type":"WebPage","@id":"https:\/\/fisiqa.com\/index.php\/35-ans-dexperience\/","url":"https:\/\/fisiqa.com\/index.php\/35-ans-dexperience\/","name":"35 ans d'exp\u00e9rience - FISIQA","isPartOf":{"@id":"https:\/\/fisiqa.com\/#website"},"primaryImageOfPage":{"@id":"https:\/\/fisiqa.com\/index.php\/35-ans-dexperience\/#primaryimage"},"image":{"@id":"https:\/\/fisiqa.com\/index.php\/35-ans-dexperience\/#primaryimage"},"thumbnailUrl":"https:\/\/fisiqa.com\/wp-content\/uploads\/2024\/02\/bart-schulte-01-scaled.webp","datePublished":"2024-02-17T09:58:39+00:00","dateModified":"2024-03-14T07:13:18+00:00","breadcrumb":{"@id":"https:\/\/fisiqa.com\/index.php\/35-ans-dexperience\/#breadcrumb"},"inLanguage":"en-US","potentialAction":[{"@type":"ReadAction","target":["https:\/\/fisiqa.com\/index.php\/35-ans-dexperience\/"]}]},{"@type":"ImageObject","inLanguage":"en-US","@id":"https:\/\/fisiqa.com\/index.php\/35-ans-dexperience\/#primaryimage","url":"https:\/\/fisiqa.com\/wp-content\/uploads\/2024\/02\/bart-schulte-01-scaled.webp","contentUrl":"https:\/\/fisiqa.com\/wp-content\/uploads\/2024\/02\/bart-schulte-01-scaled.webp","width":2560,"height":1443,"caption":"Portrait of Bart Schulte - FISIKA \u00a9 APREALMEDIA"},{"@type":"BreadcrumbList","@id":"https:\/\/fisiqa.com\/index.php\/35-ans-dexperience\/#breadcrumb","itemListElement":[{"@type":"ListItem","position":1,"name":"Accueil","item":"https:\/\/fisiqa.com\/index.php\/en\/home\/"},{"@type":"ListItem","position":2,"name":"35 ans d&rsquo;exp\u00e9rience"}]},{"@type":"WebSite","@id":"https:\/\/fisiqa.com\/#website","url":"https:\/\/fisiqa.com\/","name":"FISIQA","description":"Food Industry Support In Quality Assurance","publisher":{"@id":"https:\/\/fisiqa.com\/#organization"},"potentialAction":[{"@type":"SearchAction","target":{"@type":"EntryPoint","urlTemplate":"https:\/\/fisiqa.com\/?s={search_term_string}"},"query-input":{"@type":"PropertyValueSpecification","valueRequired":true,"valueName":"search_term_string"}}],"inLanguage":"en-US"},{"@type":"Organization","@id":"https:\/\/fisiqa.com\/#organization","name":"FISIQA","url":"https:\/\/fisiqa.com\/","logo":{"@type":"ImageObject","inLanguage":"en-US","@id":"https:\/\/fisiqa.com\/#\/schema\/logo\/image\/","url":"https:\/\/fisiqa.com\/wp-content\/uploads\/2024\/02\/logo-V3-def.png","contentUrl":"https:\/\/fisiqa.com\/wp-content\/uploads\/2024\/02\/logo-V3-def.png","width":2500,"height":568,"caption":"FISIQA"},"image":{"@id":"https:\/\/fisiqa.com\/#\/schema\/logo\/image\/"},"sameAs":["https:\/\/www.linkedin.com\/in\/bartcschulte"]}]}},"_links":{"self":[{"href":"https:\/\/fisiqa.com\/index.php\/wp-json\/wp\/v2\/pages\/377","targetHints":{"allow":["GET"]}}],"collection":[{"href":"https:\/\/fisiqa.com\/index.php\/wp-json\/wp\/v2\/pages"}],"about":[{"href":"https:\/\/fisiqa.com\/index.php\/wp-json\/wp\/v2\/types\/page"}],"author":[{"embeddable":true,"href":"https:\/\/fisiqa.com\/index.php\/wp-json\/wp\/v2\/users\/4"}],"replies":[{"embeddable":true,"href":"https:\/\/fisiqa.com\/index.php\/wp-json\/wp\/v2\/comments?post=377"}],"version-history":[{"count":1,"href":"https:\/\/fisiqa.com\/index.php\/wp-json\/wp\/v2\/pages\/377\/revisions"}],"predecessor-version":[{"id":525,"href":"https:\/\/fisiqa.com\/index.php\/wp-json\/wp\/v2\/pages\/377\/revisions\/525"}],"wp:featuredmedia":[{"embeddable":true,"href":"https:\/\/fisiqa.com\/index.php\/wp-json\/wp\/v2\/media\/92"}],"wp:attachment":[{"href":"https:\/\/fisiqa.com\/index.php\/wp-json\/wp\/v2\/media?parent=377"}],"curies":[{"name":"wp","href":"https:\/\/api.w.org\/{rel}","templated":true}]}}